e highest common divisor of 951765 and 241071?
321
What is the highest common factor of 97351 and 19363?
67
What is the greatest common factor of 297 and 20130165?
99
Calculate the highest common factor of 6216631 and 11.
1
What is the highest common divisor of 931697530 and 915?
305
What is the highest common divisor of 456 and 910632?
456
What is the greatest common divisor of 10649 and 324563?
463
What is the highest common divisor of 135844 and 36?
4
What is the highest common divisor of 525 and 156157125?
75
Calculate the greatest common factor of 242 and 1192810982.
242
What is the highest common divisor of 18 and 132615819?
9
What is the highest common factor of 190 and 6603730?
10
What is the highest common divisor of 2397022 and 4?
2
Calculate the highest common factor of 808128 and 10626.
138
What is the highest common factor of 40 and 18036380?
20
Calculate the highest common divisor of 170475454 and 318.
106
What is the greatest common factor of 255987137 and 1877?
1877
What is the greatest common divisor of 26121336 and 24?
24
What is the greatest common divisor of 388162 and 110179?
461
Calculate the greatest common divisor of 1408 and 690602.
22
What is the highest common divisor of 61414985 and 2395?
2395
Calculate the highest common factor of 2175 and 516200.
725
What is the highest common divisor of 1262 and 33179?
1
What is the greatest common factor of 191866 and 2438?
46
Calculate the highest common factor of 34523652 and 36.
12
Calculate the greatest common divisor of 2251971 and 322316.
4241
What is the highest common factor of 4715449 and 763?
109
Calculate the greatest common factor of 89082 and 30772.
98
What is the highest common divisor of 9083219 and 17?
17
What is the greatest common factor of 56919997 and 2217?
739
Calculate the highest common factor of 15041520 and 416.
208
What is the highest common divisor of 306 and 47164800?
102
Calculate the greatest common factor of 12 and 9693948.
12
Calculate the highest common factor of 135865 and 2755.
145
Calculate the highest common factor of 781 and 181313.
11
Calculate the greatest common divisor of 84742166 and 14858.
874
Calculate the highest common factor of 298582 and 18872.
674
What is the highest common divisor of 2983 and 48417073?
2983
What is the greatest common divisor of 66690 and 302315?
65
Calculate the highest common factor of 153321 and 56769.
447
What is the greatest common divisor of 2776731 and 27?
3
Calculate the highest common factor of 13 and 37890.
1
What is the greatest common divisor of 1015 and 4636810?
145
What is the highest common divisor of 36 and 1886303574?
18
What is the greatest common divisor of 21421829 and 1001?
143
What is the highest common factor of 374907532 and 282?
94
Calculate the greatest common divisor of 32 and 10579552.
32
What is the highest common factor of 2229432 and 168?
24
Calculate the highest common divisor of 536307 and 3975.
159
Calculate the greatest common factor of 374 and 2191746216.
374
What is the greatest common factor of 60 and 357897768?
12
Calculate the highest common factor of 149 and 66001189.
149
Calculate the greatest common factor of 3422566 and 26425.
1057
What is the highest common factor of 44592490 and 370?
10
What is the highest common divisor of 8500583 and 19729?
109
What is the greatest common factor of 27 and 50759649?
27
What is the greatest common divisor of 20271 and 23086233?
87
Calculate the greatest common divisor of 5987319 and 429.
39
Calculate the highest common factor of 22173060 and 61070.
310
What is the greatest common divisor of 36 and 28345356?
36
What is the highest common divisor of 23 and 122516239?
23
Calculate the highest common factor of 198979742 and 354.
118
Calculate the greatest common factor of 50692 and 194764.
2668
Calculate the greatest common factor of 2772117 and 558009.
2241
What is the highest common factor of 14074130 and 476?
238
What is the greatest common factor of 30048252 and 572?
52
What is the highest common divisor of 353493 and 4977?
63
What is the greatest common divisor of 1496 and 168368?
136
Calculate the greatest common factor of 201 and 1254549.
3
Calculate the highest common factor of 4750 and 4852625.
125
What is the highest common divisor of 2851 and 2253547291?
2851
What is the highest common divisor of 931 and 248507?
7
What is the highest common divisor of 300 and 12146412?
12
Calculate the highest common factor of 21394 and 648033.
19
What is the highest common factor of 2404 and 100473377?
601
Calculate the highest common divisor of 1064 and 81818674.
266
What is the greatest common factor of 388 and 5659972?
4
What is the highest common divisor of 35784370 and 10?
10
What is the highest common divisor of 7325 and 596023530?
1465
What is the highest common factor of 1392 and 35565136?
464
Calculate the highest common divisor of 30849152 and 43520.
2176
What is the highest common divisor of 118 and 23740892?
118
What is the greatest common divisor of 2212 and 784187180?
2212
What is the highest common divisor of 92 and 57966808?
92
Calculate the highest common divisor of 943748 and 124.
4
Calculate the highest common divisor of 149 and 627552091.
149
Calculate the greatest common factor of 3179568 and 672.
336
What is the highest common divisor of 52 and 44760?
4
Calculate the greatest common divisor of 240 and 12990.
30
Calculate the highest common factor of 44853075 and 270.
135
What is the greatest common factor of 144 and 73626372?
36
Calculate the greatest common divisor of 256897531 and 11.
11
What is the highest common divisor of 20 and 696790?
10
What is the highest common factor of 574 and 2419214?
14
Calculate the greatest common divisor of 13768 and 6472681.
1721
Calculate the highest common divisor of 15525 and 326862.
27
Calculate the greatest common divisor of 738335 and 3293.
37
What is the highest common factor of 647688 and 25728?
24
Calculate the greatest common divisor of 359685 and 252.
9
What is the highest common factor of 703262117 and 227?
227
What is the highest common factor of 28366476 and 348?
12
What is the highest common factor of 2835 and 131632695?
405
What is the greatest common factor of 31008 and 2694732?
228
What is the greatest common factor of 956 and 2846668772?
956
What is the greatest common divisor of 67708826 and 6?
2
Calculate the greatest common factor of 98 and 242400116.
14
What is the highest common factor of 12470140 and 1380?
460
What is the highest common divisor of 338441360 and 3760?
3760
What is the greatest common divisor of 7449556 and 94867?
4993
What is the highest common divisor of 248651092 and 404?
404
What is the greatest common factor of 21913 and 27523?
17
What is the greatest common factor of 451 and 1894387?
11
Calculate the greatest common factor of 37572977 and 13.
13
What is the highest common divisor of 2639347 and 172197?
1007
What is the greatest common factor of 69258 and 7616?
238
What is the greatest common divisor of 34258644 and 12348?
1764
What is the greatest common factor of 13483496 and 433992?
1352
What is the greatest common divisor of 273 and 42126?
21
What is the highest common divisor of 175965174 and 2156?
1078
What is the greatest common factor of 48956323 and 143?
13
Calculate the greatest common factor of 718193 and 2303.
49
Calculate the greatest common divisor of 2982158508 and 406.
406
What is the highest common factor of 77 and 150293?
11
Calculate the greatest common factor of 556144 and 5608.
8
Calculate the greatest common divisor of 2117615 and 5830.
265
What is the greatest common divisor of 15 and 6507415?
5
What is the greatest common divisor of 3180 and 797429520?
3180
What is the greatest common divisor of 11283278 and 1534?
118
What is the highest common factor of 9908020 and 60?
20
Calculate the highest common divisor of 1052523 and 38844.
747
What is the highest common divisor of 8094 and 630686?
38
Calculate the greatest common divisor of 60777938 and 78.
26
What is the highest common divisor of 224 and 644728?
56
Calculate the greatest common divisor of 187185 and 2415.
15
What is the highest common factor of 3905619 and 57324?
843
What is the highest common divisor of 104 and 21584186?
26
Calculate the highest common d